prime factors of 460851.
3, 23, 6679
List the prime factors of 454649.
13, 41, 853
What are the prime factors of 5060632?
2, 733, 863
What are the prime factors of 139731?
3, 47, 991
What are the prime factors of 399769?
399769
List the prime factors of 7253581.
7253581
What are the prime factors of 44430?
2, 3, 5, 1481
What are the prime factors of 8379401?
8379401
List the prime factors of 5801186.
2, 821, 3533
What are the prime factors of 3789267?
3, 103, 12263
What are the prime factors of 1226214?
2, 3, 11, 563
What are the prime factors of 482980?
2, 5, 19, 31, 41
List the prime factors of 343657.
401, 857
What are the prime factors of 1067689?
7, 127, 1201
List the prime factors of 799584.
2, 3, 8329
List the prime factors of 2014705.
5, 7, 11, 5233
List the prime factors of 3358997.
3358997
What are the prime factors of 16260726?
2, 3, 821, 3301
List the prime factors of 52185.
3, 5, 7, 71
List the prime factors of 15674092.
2, 7, 269, 2081
List the prime factors of 28009146.
2, 3, 11, 347, 1223
List the prime factors of 25001.
23, 1087
What are the prime factors of 146718?
2, 3, 11, 13, 19
List the prime factors of 1040991.
3, 7, 19, 2609
What are the prime factors of 272247?
3, 90749
List the prime factors of 267537.
3, 257, 347
List the prime factors of 13361885.
5, 2672377
List the prime factors of 3717853.
3717853
List the prime factors of 1046812.
2, 13, 41, 491
What are the prime factors of 68757?
3, 13, 41, 43
List the prime factors of 764371.
17, 44963
What are the prime factors of 333960?
2, 3, 5, 11, 23
List the prime factors of 802280.
2, 5, 31, 647
List the prime factors of 629387.
11, 29, 1973
List the prime factors of 880274.
2, 233, 1889
What are the prime factors of 86178?
2, 3, 53, 271
What are the prime factors of 298861?
298861
What are the prime factors of 3427405?
5, 251, 2731
What are the prime factors of 3074020?
2, 5, 153701
What are the prime factors of 1930470?
2, 3, 5, 229, 281
What are the prime factors of 1383487?
7, 197641
What are the prime factors of 367374?
2, 3, 7, 8747
List the prime factors of 7335989.
73, 100493
What are the prime factors of 270228?
2, 3, 7, 3217
List the prime factors of 41642.
2, 47, 443
What are the prime factors of 2078678?
2, 7, 21211
List the prime factors of 167061.
3, 233, 239
List the prime factors of 67512.
2, 3, 29, 97
What are the prime factors of 277526?
2, 138763
What are the prime factors of 1392117?
3, 31, 14969
List the prime factors of 27673772.
2, 7, 29, 173, 197
What are the prime factors of 6942099?
3, 53, 43661
What are the prime factors of 3154175?
5, 71, 1777
What are the prime factors of 20709903?
3, 6903301
What are the prime factors of 21201486?
2, 3, 3533581
List the prime factors of 3635509.
37, 98257
What are the prime factors of 500993?
43, 61, 191
What are the prime factors of 4810666?
2, 7, 37, 251
What are the prime factors of 105131?
13, 8087
What are the prime factors of 585945?
3, 5, 29, 449
What are the prime factors of 920923?
103, 8941
What are the prime factors of 3081726?
2, 3, 17, 373
List the prime factors of 658921.
97, 6793
What are the prime factors of 4780260?
2, 3, 5, 26557
What are the prime factors of 260969?
260969
What are the prime factors of 8460802?
2, 7, 604343
List the prime factors of 188637.
3, 227, 277
What are the prime factors of 4276981?
79, 54139
What are the prime factors of 33251?
41, 811
List the prime factors of 596056.
2, 74507
List the prime factors of 271372.
2, 67843
List the prime factors of 4818415.
5, 7, 71, 277
List the prime factors of 12206656.
2, 7, 11, 2477
List the prime factors of 21302261.
21302261
What are the prime factors of 6106173?
3, 2035391
What are the prime factors of 2092597?
13, 160969
What are the prime factors of 3075453?
3, 17, 20101
What are the prime factors of 240554?
2, 120277
What are the prime factors of 434453?
479, 907
What are the prime factors of 884021?
71, 12451
What are the prime factors of 282721?
29, 9749
What are the prime factors of 1490392?
2, 186299
List the prime factors of 268184.
2, 7, 4789
What are the prime factors of 1957507?
23, 85109
What are the prime factors of 15259503?
3, 7, 37, 41, 479
List the prime factors of 1269524.
2, 41, 7741
List the prime factors of 599773.
19, 31567
List the prime factors of 1174098.
2, 3, 79, 2477
What are the prime factors of 1782807?
3, 13, 17, 2689
What are the prime factors of 1858696?
2, 7, 33191
List the prime factors of 8629844.
2, 41, 101, 521
What are the prime factors of 10136845?
5, 17, 31, 3847
List the prime factors of 3286345.
5, 657269
What are the prime factors of 293048?
2, 7, 5233
List the prime factors of 34587084.
2, 3, 7, 411751
List the prime factors of 1885607.
1885607
What are the prime factors of 68874?
2, 3, 13, 883
List the prime factors of 6103436.
2, 1525859
List the prime factors of 514475.
5, 13, 1583
What are the prime factors of 11150588?
2, 43, 241, 269
List the prime factors of 42240833.
42240833
What are the prime factors of 214899?
3, 71633
List the prime factors of 9995199.
3, 3331733
List the prime factors of 756347.
17, 44491
What are the prime factors of 255613?
255613
What are the prime factors of 333775?
5, 13, 79
What are the prime factors of 675952?
2, 83, 509
What are the prime factors of 45158?
2, 67, 337
List the prime factors of 379846.
2, 257, 739
List the prime factors of 17175090.
2, 3, 5, 181, 3163
List the prime factors of 14117086.
2, 7058543
List the prime factors of 888854.
2, 353, 1259
List the prime factors of 219722.
2, 61, 1801
List the prime factors of 17544754.
2, 67, 311, 421
What are the prime factors of 276609?
3, 92203
List the prime factors of 3358126.
2, 163, 10301
List the prime factors of 1773901.
29, 61169
List the prime factors of 16714688.
2, 261167
List the prime factors of 208948.
2, 52237
List the prime factors of 309672.
2, 3, 11, 17, 23
What are the prime factors of 1121399?
19, 59021
What are the prime factors of 5986769?
5986769
List the prime factors of 693721.
7, 99103
List the prime factors of 3417689.
11, 89, 3491
What are the prime factors of 179196?
2, 3, 109, 137
List the prime factors of 90789.
3, 53, 571
List the prime factors of 4106351.
23, 178537
What are the prime factors of 355289?
11, 32299
What are the prime factors of 173373?
3, 57791
List the prime factors of 2265185.
5, 13, 34849
List the prime factors of 48473.
48473
What are the prime factors of 1804171?
83, 21737
What are the prime factors of 45090?
2, 3, 5, 167
List the prime factors of 1111694.
2, 113, 4919
What are the prime factors of 26781480?
2, 3, 5, 11, 6763
List the prime factors of 6507102.
2, 3, 7, 22133
What are the prime factors of 157354?
2, 29, 2713
What are the prime factors of 2864891?
17, 168523
What are the prime factors of 476055?
3, 5, 71, 149
List the prime factors of 569443.
7, 81349
List the prime factors of 3091539.
3, 11, 93683
What are the prime factors of 446947?
17, 61, 431
What are the prime factors of 9621456?
2, 3, 13, 17, 907
What are the prime factors of 313467?
3, 7, 11, 23, 59
List the prime factors of 21518282.
2, 149, 163, 443
What are the prime factors of 7831?
41, 191
What are the prime factors of 108461?
108461
What are the prime factors of 958706?
2, 7, 31, 47
What are the prime factors of 187887?
3, 7, 23, 389
List the prime factors of 5259088.
2, 23, 31, 461
List the prime factors of 202121.
202121
List the prime factors of 120838.
2, 31, 1949
What are the prime factors of 56288?
2, 1759
List the prime factors of 4512029.
2017, 2237
What are the prime factors of 32768727?
3, 10922909
What are the prime factors of 196546?
2, 7, 101, 139
What are the prime factors of 1751738?
2, 379, 2311
What are the prime factors of 579305?
5, 115861
What are the prime factors of 19673507?
7, 2810501
What are the prime factors of 823485?
3, 5, 13, 41, 103
What are the prime factors of 1080378?
2, 3, 13, 19
List the prime factors of 1437106.
2, 11, 65323
List the prime factors of 3218684.
2, 7, 139, 827
What are the prime factors of 19057324?
2, 11, 13, 33317
List the prime factors of 315770.
2, 5, 7, 13, 347
List the prime factors of 4315184.
2, 283, 953
List the prime factors of 2021574.
2, 3, 336929
What are the prime factors of 782998?
2, 31